e 15, what is -3 - bd8027c?
-bd80280
In base 13, what is 1291 + -9875?
-85b4
In base 16, what is 1264 + -41fb?
-2f97
In base 10, what is 407013 + 97?
407110
In base 7, what is -31346265 - 2?
-31346300
In base 11, what is -4 + 3235659?
3235655
In base 13, what is -829c + -2c0?
-858c
In base 12, what is a18856 - 3?
a18853
In base 7, what is 4 - 30230313?
-30230306
In base 2, what is 10100110000010 - -110011010101?
11011001010111
In base 4, what is 1113001 + 101212?
1220213
In base 11, what is -218682a + -4?
-2186833
In base 15, what is d07e5 + 1?
d07e6
In base 9, what is 606162 + -3?
606158
In base 15, what is -e77 + -5b5?
-153c
In base 2, what is -111 + -111111110001001010111?
-111111110001001011110
In base 8, what is 13232 - -3552?
17004
In base 15, what is -220 + -c3e0?
-c610
In base 8, what is 35762231 - 5?
35762224
In base 13, what is -138 + 194621?
1944b6
In base 13, what is 7302a37 - 8?
7302a2c
In base 12, what is 5 + -8647b4?
-8647ab
In base 15, what is 2347618 - -c?
2347625
In base 7, what is -5304553 - -11?
-5304542
In base 16, what is -5 + e199?
e194
In base 12, what is -2458a848 + -2?
-2458a84a
In base 6, what is -3115 - 133000?
-140115
In base 7, what is 25250542 - 1?
25250541
In base 10, what is -2385439 + -3?
-2385442
In base 4, what is 1231322300 + -113?
1231322121
In base 3, what is -1112212021010120 + -11?
-1112212021010201
In base 13, what is 53 - -346c8?
3474b
In base 5, what is 14333200134 + 10?
14333200144
In base 12, what is -26 + 7b7836?
7b7810
In base 14, what is -c60 + 1668c?
1582c
In base 11, what is 1a8 - -89773?
89970
In base 4, what is -3 - -33110212202010?
33110212202001
In base 8, what is 7745247243 + -4?
7745247237
In base 15, what is -7 + 10e9eed?
10e9ee6
In base 7, what is 34 + -341206563?
-341206526
In base 6, what is 51 - -111533025?
111533120
In base 12, what is 2656 - 17364?
-1490a
In base 15, what is 5 - 19ac36b?
-19ac366
In base 7, what is 5 - -621435315?
621435323
In base 6, what is 24425152 - -255?
24425451
In base 12, what is -380908 + -b?
-380917
In base 13, what is -3254 + -301?
-3555
In base 8, what is -23 + -1526562?
-1526605
In base 9, what is -23307017 + -2?
-23307020
In base 14, what is 2 + -91a733?
-91a731
In base 12, what is 34a + 3bb41b?
3bb769
In base 15, what is -178 + 54565?
543dc
In base 8, what is 6362 - -17075?
25457
In base 10, what is 2 - 10319516?
-10319514
In base 5, what is -201414143 - -24?
-201414114
In base 16, what is -14e0349 + 2?
-14e0347
In base 12, what is -8763 + -1384b?
-203b2
In base 16, what is 6a1175 - 0?
6a1175
In base 13, what is 3ac139b - 4?
3ac1397
In base 14, what is -8405b - 990?
-84a0b
In base 6, what is -151415 + -2155?
-154014
In base 7, what is 3220313 - -1040?
3221353
In base 10, what is -32642 - 140?
-32782
In base 5, what is 1 + 33123041034?
33123041040
In base 6, what is -5 - 254420310?
-254420315
In base 7, what is -32604 + 40201?
4264
In base 15, what is -ca - b457?
-b532
In base 3, what is -110110120000 + 121012?
-110102221211
In base 7, what is 1106344 - -550?
1110224
In base 5, what is -10332231303132 - -1?
-10332231303131
In base 16, what is 49 + -37be5?
-37b9c
In base 13, what is -92 + 10667a?
1065b8
In base 11, what is -28098 + 332?
-27866
In base 14, what is -23 + 5bdc?
5bb9
In base 2, what is -11111010001111001001 - 100111111?
-11111010010100001000
In base 5, what is 0 - 1224420402?
-1224420402
In base 4, what is -20311023232302 + -10?
-20311023232312
In base 7, what is 42640 + 1153?
44123
In base 14, what is -5190 - -db?
-5093
In base 9, what is 14323 - -2561?
16884
In base 16, what is -6d2 - 2ade?
-31b0
In base 10, what is -6688 + -7970?
-14658
In base 8, what is -154574 - -16137?
-136435
In base 8, what is 2302344 + 15?
2302361
In base 10, what is 230845 + 477?
231322
In base 13, what is -5232 + 103c?
-41c3
In base 12, what is -395b369 + -3?
-395b370
In base 15, what is e782b - 212?
e7619
In base 15, what is 5 - dca38?
-dca33
In base 15, what is -36bda4e + 3?
-36bda4b
In base 13, what is c9958 + 14?
c996c
In base 8, what is 13 - 11212452?
-11212437
In base 9, what is -1 - -540887334?
540887333
In base 3, what is 22111002221021 - 11?
22111002221010
In base 13, what is 88c3 - -6539?
1212c
In base 13, what is -72 - 23c33ac?
-23c3451
In base 8, what is 151101 - -277?
151400
In base 15, what is -160 + -6217?
-6377
In base 7, what is -1 + -614524600?
-614524601
In base 9, what is -84157140 - -2?
-84157137
In base 11, what is 22a4349 + 2?
22a4350
In base 2, what is -101001001 + 110001101101101101?
110001101000100100
In base 3, what is -122 + -2000010021011011?
-2000010021011210
In base 4, what is -1330131222 + 12?
-1330131210
In base 10, what is -25862 - -7439?
-18423
In base 5, what is -141 - 13331324?
-13332020
In base 5, what is 231 - -4413441432?
4413442213
In base 12, what is -76bb57 + -13?
-76bb6a
In base 11, what is -33 + -115623?
-115656
In base 16, what is 1d7 - -15f9?
17d0
In base 3, what is -110202112001200012 - -11?
-110202112001200001
In base 13, what is -45 + 1b21b4?
1b216c
In base 10, what is -92 - 35529?
-35621
In base 15, what is 95 - -557e?
5624
In base 12, what is 6b - 245417?
-245368
In base 10, what is -46 - 72407?
-72453
In base 4, what is 231113 - -101323102?
102220221
In base 7, what is 1 + -1105341230?
-1105341226
In base 9, what is 37605 + -76785?
-38180
In base 7, what is -120016466 + 31?
-120016435
In base 13, what is 1434 + -3a8?
1059
In base 3, what is -100121111002 + -112100?
-100122000102
In base 12, what is a4172 + -1b5?
a3b79
In base 15, what is 14 + -1bad02?
-1bacdd
In base 5, what is 3340030 + -300?
3334230
In base 15, what is e014e - -2c9?
e0428
In base 13, what is -4 - 1b93270?
-1b93274
In base 15, what is 980e67 - -4?
980e6b
In base 3, what is -22120011022212 + 21011?
-22120011001201
In base 2, what is 10000011101101110011100 + -111001?
10000011101101101100011
In base 11, what is -244045 - 1a5?
-24423a
In base 7, what is -20631 - -424006?
403045
In base 5, what is -121011331212 - -4?
-121011331203
In base 9, what is 68 + 373133?
373212
In base 9, what is -1 + 1364244?
1364243
In base 3, what is -12 - -112010020110022122?
112010020110022110
In base 3, what is 0 + 11101002101122202?
11101002101122202
In base 13, what is -2066 + -4450?
-64b6
In base 2, what is 1110101001100111 + 1000001111000?
1111101011011111
In base 8, what is -2346675 + 12?
-2346663
In base 10, what is 44 - 305431?
-305387
In base 6, what is 23051313445 + -4?
23051313441
In base 4, what is -223122 - -111331102?
111101320
In base 2, what is 1001010010101010011 + 11111011?
1001010011001001110
In base 3, what is 10021000 - 20012102?
-2221102
In base 9, what is -214516188 - 3?
-214516202
In base 3, what is 11020120002121 - 211?
11020120001210
In base 8, what is 51307671 + 3?
51307674
In base 5, what is -10322431 + 31110?
-10241321
In base 15, what is a3402 - -4?
a3406
In base 4, what is -1222321033 + 131?
-1222320302
In base 10, what is 124197 - -680?
124877
In base 3, what is 2222120211001 - -222?
2222120212000
In base 11, what is 81 + 294057?
294128
In base 4, what is -21312 + 12021302?
11333330
In base 8, what is -33263306 - -1?
-33263305
In base 11, what is 2 + -15199389?
-15199387
In base 11, what is -14 - -6a6932?
6a6919
In base 10, what is -25073642 + -1?
-25073643
In base 3, what is -1 + -2122102221020022?
-2122102221020100
In base 5, what is -2 + -1444002414?
-1444002421
In base 16, what is 102ee6ac - 4?
102ee6a8
In base 5, what is 23 + 33040320?
33040343
In base 13, what is 5352396 + 3?
5352399
In base 13, what is 5 - 428c7b0?
-428c7a8
In base 2, what is -1001110111010100011010111010 - -10?
-1001110111010100011010111000
In base 9, what is -1 + -15124564?
-15124565
In base 6, what is 242050 - 32240?
205410
In base 9, what is 10630 - -1120?
11750
In base 5, what is -121203 + 2342444?
2221241
In base 12, what is 1a - 125813?
-1257b5
In base 15, what is -1 - -13a968?
13a967
In base 3, what is 101202002202 - -21210?
101202101112
In base 6, what is -34 + 12042101?
12042023
In base 12, what is 4 + 8473130?
8473134
In base 8, what is -3 + 442704?
442701
In base 7, what is 33306543 + -4?
33306536
In base 16, what is -4 + -c99c58?
-c99c5c
In base 2, what is 1 + -1000110101110100001111?
-1000110101110100001110
In base 3, what is -1102212022 - -